e remainder when 7419 is divided by 34.
7
What is the remainder when 90577 is divided by 148?
1
Calculate the remainder when 1486 is divided by 490.
16
What is the remainder when 101255 is divided by 25313?
3
What is the remainder when 39088 is divided by 26?
10
Calculate the remainder when 1734 is divided by 27.
6
Calculate the remainder when 64264 is divided by 5821.
233
What is the remainder when 46415 is divided by 1928?
143
Calculate the remainder when 6104 is divided by 136.
120
Calculate the remainder when 23343 is divided by 611.
125
What is the remainder when 10783 is divided by 833?
787
What is the remainder when 1521 is divided by 222?
189
Calculate the remainder when 2020820 is divided by 442.
438
What is the remainder when 14006 is divided by 700?
6
What is the remainder when 8772 is divided by 57?
51
Calculate the remainder when 9227 is divided by 4612.
3
What is the remainder when 13452 is divided by 3359?
16
Calculate the remainder when 115539 is divided by 121.
105
Calculate the remainder when 125 is divided by 70.
55
Calculate the remainder when 68185 is divided by 9.
1
Calculate the remainder when 41696 is divided by 20764.
168
What is the remainder when 196247 is divided by 18?
11
Calculate the remainder when 758467 is divided by 408.
403
What is the remainder when 185531 is divided by 46381?
7
What is the remainder when 727461 is divided by 81?
0
Calculate the remainder when 132695 is divided by 10.
5
What is the remainder when 69103 is divided by 112?
111
What is the remainder when 5468 is divided by 1718?
314
Calculate the remainder when 10974 is divided by 1091.
64
What is the remainder when 2629 is divided by 174?
19
Calculate the remainder when 5146 is divided by 262.
168
What is the remainder when 63897 is divided by 2?
1
What is the remainder when 20100 is divided by 6684?
48
Calculate the remainder when 218681 is divided by 13.
8
Calculate the remainder when 75347 is divided by 60.
47
Calculate the remainder when 33423 is divided by 393.
18
What is the remainder when 2523627 is divided by 15?
12
Calculate the remainder when 20705 is divided by 1.
0
Calculate the remainder when 110196 is divided by 163.
8
Calculate the remainder when 1502393 is divided by 12.
5
Calculate the remainder when 856 is divided by 461.
395
What is the remainder when 26160 is divided by 153?
150
What is the remainder when 713 is divided by 638?
75
Calculate the remainder when 299328 is divided by 421.
418
Calculate the remainder when 21954 is divided by 996.
42
Calculate the remainder when 2232 is divided by 17.
5
Calculate the remainder when 26608 is divided by 114.
46
What is the remainder when 18519 is divided by 40?
39
What is the remainder when 404388 is divided by 8791?
2
Calculate the remainder when 31733 is divided by 128.
117
Calculate the remainder when 3703 is divided by 946.
865
Calculate the remainder when 7258 is divided by 501.
244
What is the remainder when 9651 is divided by 3213?
12
Calculate the remainder when 122833 is divided by 30707.
5
What is the remainder when 859130 is divided by 913?
910
Calculate the remainder when 605006 is divided by 223.
7
What is the remainder when 17591 is divided by 207?
203
Calculate the remainder when 38495 is divided by 38475.
20
Calculate the remainder when 213826 is divided by 880.
866
What is the remainder when 401266 is divided by 476?
474
What is the remainder when 62867 is divided by 18?
11
Calculate the remainder when 11735 is divided by 3905.
20
Calculate the remainder when 4869 is divided by 46.
39
Calculate the remainder when 79708 is divided by 718.
10
Calculate the remainder when 1858 is divided by 210.
178
What is the remainder when 4540 is divided by 196?
32
Calculate the remainder when 828594 is divided by 15065.
19
What is the remainder when 6404 is divided by 193?
35
Calculate the remainder when 5626 is divided by 336.
250
Calculate the remainder when 10513 is divided by 3466.
115
What is the remainder when 6147 is divided by 170?
27
What is the remainder when 2121692 is divided by 18?
14
Calculate the remainder when 44279 is divided by 22129.
21
Calculate the remainder when 2990 is divided by 441.
344
What is the remainder when 59000 is divided by 280?
200
Calculate the remainder when 35610 is divided by 11868.
6
Calculate the remainder when 43382 is divided by 647.
33
What is the remainder when 2505 is divided by 2504?
1
Calculate the remainder when 1376764 is divided by 185.
179
What is the remainder when 106476 is divided by 53237?
2
What is the remainder when 45561 is divided by 256?
249
What is the remainder when 3899 is divided by 216?
11
What is the remainder when 37845 is divided by 152?
149
Calculate the remainder when 809 is divided by 386.
37
What is the remainder when 2588 is divided by 271?
149
Calculate the remainder when 1579 is divided by 164.
103
Calculate the remainder when 17217 is divided by 410.
407
What is the remainder when 33675 is divided by 33514?
161
What is the remainder when 666548 is divided by 50?
48
Calculate the remainder when 22157 is divided by 197.
93
What is the remainder when 25776 is divided by 537?
0
Calculate the remainder when 477459 is divided by 93.
90
Calculate the remainder when 731 is divided by 204.
119
Calculate the remainder when 20488 is divided by 660.
28
What is the remainder when 1079 is divided by 444?
191
Calculate the remainder when 202485 is divided by 245.
115
What is the remainder when 2184 is divided by 618?
330
Calculate the remainder when 2709 is divided by 1327.
55
Calculate the remainder when 13452 is divided by 28.
12
What is the remainder when 93987 is divided by 7229?
10
Calculate the remainder when 29856 is divided by 126.
120
Calculate the remainder when 6760 is divided by 157.
9
Calculate the remainder when 13952 is divided by 6927.
98
Calculate the remainder when 8721 is divided by 1243.
20
Calculate the remainder when 194995 is divided by 116.
115
What is the remainder when 29634 is divided by 49?
38
Calculate the remainder when 288593 is divided by 928.
913
Calculate the remainder when 19518 is divided by 3787.
583
What is the remainder when 31895 is divided by 2199?
1109
What is the remainder when 31912 is divided by 633?
262
Calculate the remainder when 72666 is divided by 179.
171
What is the remainder when 30323 is divided by 1442?
41
What is the remainder when 69 is divided by 18?
15
What is the remainder when 57582 is divided by 28786?
10
Calculate the remainder when 101875 is divided by 4851.
4
What is the remainder when 410815 is divided by 112?
111
What is the remainder when 526269 is divided by 278?
15
Calculate the remainder when 448 is divided by 82.
38
What is the remainder when 92902 is divided by 92886?
16
Calculate the remainder when 3035 is divided by 358.
171
Calculate the remainder when 1943577 is divided by 13.
12
Calculate the remainder when 1326749 is divided by 61.
60
Calculate the remainder when 62721 is divided by 280.
1
Calculate the remainder when 104069 is divided by 6500.
69
What is the remainder when 95254 is divided by 648?
646
Calculate the remainder when 14147 is divided by 714.
581
What is the remainder when 99772 is divided by 35?
22
What is the remainder when 210592 is divided by 11?
8
What is the remainder when 430192 is divided by 1258?
1214
What is the remainder when 73795 is divided by 38?
37
Calculate the remainder when 43835 is divided by 548.
543
Calculate the remainder when 5048 is divided by 36.
8
What is the remainder when 58424 is divided by 29203?
18
What is the remainder when 645422 is divided by 12?
2
Calculate the remainder when 6986 is divided by 3492.
2
What is the remainder when 7694476 is divided by 18?
16
Calculate the remainder when 5075 is divided by 459.
26
Calculate the remainder when 238363 is divided by 646.
635
What is the remainder when 105134 is divided by 15013?
43
Calculate the remainder when 15278 is divided by 672.
494
Calculate the remainder when 18026 is divided by 112.
106
What is the remainder when 150838 is divided by 187?
116
Calculate the remainder when 168493 is divided by 155.
8
What is the remainder when 21773 is divided by 649?
356
What is the remainder when 324668 is divided by 170?
138
What is the remainder when